 = 609. What is the greatest common divisor of f and 11?
11
Let j(q) = q**3 + 8*q**2 + 4*q - 9. Let s be j(-7). Calculate the highest common divisor of s and 60.
12
Let t(m) = -m**2 + 8*m + 4. Let d be t(6). Calculate the highest common factor of 4 and d.
4
Let g be 4 - -6*1/(-3). Let h be (-10)/4*4/(-5). What is the highest common divisor of g and h?
2
Suppose 0 = -3*q + 4*q - 20. What is the highest common factor of q and 30?
10
Let h(d) = d**2 + 10*d + 11. Let p be h(-9). Let q be (17/p)/(1/2). Calculate the greatest common factor of q and 51.
17
Let r = -10 + 26. Calculate the highest common factor of 24 and r.
8
Let t(z) = 3*z**2 - 16*z + 9. Let o be t(6). Suppose -p + 43 = 3*l, -3*l + 39 = -5*p + 2*p. What is the highest common factor of o and l?
7
Suppose -5*y - 35 = -k, 5*k - 51 - 14 = 3*y. Suppose 0 = 3*b - 8*b + 200. What is the greatest common factor of b and k?
10
Suppose -2 = x + 2*i + 4, -5*x + 4*i = 30. Let r(g) = -g**3 - 5*g**2 + 7*g - 5. Let q be r(x). Let c = q + 22. What is the greatest common divisor of c and 121?
11
Let r(j) = -43*j. Let d be r(2). Let m = d - -122. Calculate the highest common factor of 4 and m.
4
Let g(c) = -c**2 - 7*c - 6. Let v(l) = 2*l + 4. Suppose 4 = -5*j - 16. Let r be v(j). Let f be g(r). What is the highest common factor of f and 42?
6
Let z(f) be the first derivative of f**3/3 + 7*f**2/2 + 6*f + 4. Let r be z(7). Calculate the greatest common factor of r and 13.
13
Let b = 7 + -2. Suppose 8 = -z + b*z, -3*z + 206 = 4*k. Suppose p + k = 2*p. What is the greatest common divisor of 10 and p?
10
Suppose -v = 2*v - 396. Suppose 2*k + 2*k - 48 = 0. What is the greatest common factor of k and v?
12
Let x(h) = 9*h + 68. Let t be x(-7). What is the highest common divisor of t and 125?
5
Let l(y) = -1. Let a(s) = -24*s**2 + s - 2. Let f(k) = -a(k) + 3*l(k). Let d be f(2). Let v = 168 - d. What is the greatest common factor of 30 and v?
15
Let w = 9 - -11. What is the greatest common divisor of 4 and w?
4
Suppose 4*h + 0*h = 576. Let s be 22/99 - (-142)/9. What is the greatest common divisor of h and s?
16
Suppose -f + 3*f - 5*n = -5, f - 5*n = -15. Suppose 3 - 38 = -5*l. Suppose 125 = -2*u + l*u. What is the greatest common factor of u and f?
5
Let b(s) = -s**3 - 3*s**2 - 3*s - 1. Let c be b(-4). Suppose 4*i - c = 17. What is the highest common factor of i and 99?
11
Suppose 3*x + 80 = 4*x - 4*k, 3*k + 12 = 0. Suppose 4*v - x = -0*v. What is the greatest common divisor of 112 and v?
16
Let b be 44/(-6)*(-30)/4. What is the greatest common factor of b and 22?
11
Suppose -7*z = -3*z - 4*a - 36, z + 3 = -3*a. Calculate the highest common divisor of 66 and z.
6
Let n = 57 + -37. Let r(h) = -h**3 + 5*h**2 + 7*h + 4. Let g be r(6). Calculate the highest common factor of n and g.
10
Suppose 48 = -5*a - 2. Let h = a + 16. Calculate the greatest common divisor of h and 12.
6
Suppose 0 = 5*z - 2 - 8, 5*z - 18 = -l. Let f(t) = 88*t**2 - t - 1. Let m be f(-1). What is the greatest common factor of l and m?
8
Let f = -29 - -36. What is the greatest common factor of 7 and f?
7
Suppose 4*n - 5*l - 165 = -52, 0 = 2*n - 5*l - 59. Let u = n - 9. Let q = 78 + u. Calculate the greatest common divisor of 12 and q.
12
Suppose 7*z + 180 = 13*z. Suppose -i - i = 0. Suppose -4*y + y + d + 62 = 0, i = -y + 5*d + z. What is the greatest common factor of 8 and y?
4
Let y(p) = -p + 2. Let a be y(1). Suppose l + 0 = a. Let z = l + 1. What is the highest common divisor of z and 2?
2
Suppose -173 - 115 = -6*d. What is the highest common divisor of 12 and d?
12
Suppose j - 20 = -2*l + 21, 0 = -2*l - 3*j + 35. What is the greatest common divisor of 242 and l?
22
Let h be (-2)/3*888/(-16). Suppose 3*p = 3*l - 141, -3*p = 5*l + h - 264. What is the highest common divisor of 69 and l?
23
Let s be 5/((-10)/(-258)) + 1. Let x = s - 80. Calculate the highest common divisor of 10 and x.
10
Let m = -14 - -17. What is the highest common factor of 24 and m?
3
Suppose -5*z - 198 = -6*z + 5*i, 4*i = 0. Calculate the highest common divisor of 18 and z.
18
Let f(d) = 3*d - 4. Let j be (-4 + -5)*(-2)/3. Let r be f(j). Let y be (56/6)/(19/285). What is the greatest common factor of r and y?
14
Suppose -m - 165 = -6*m. Suppose 3*s = 29 + 4. What is the greatest common divisor of m and s?
11
Let y = -130 - -200. What is the highest common factor of 28 and y?
14
Let s(t) = 2*t**2 + 7*t - 8. Let j be (-5 + 0 + 2)*2. Let p be s(j). Suppose -4*f - 30 + 250 = 0. Calculate the highest common divisor of f and p.
11
Let w = 23 - 15. Calculate the highest common factor of 72 and w.
8
Let a(m) = -m + 3. Let w be a(9). Let y(o) = -o - 5. Let q be y(w). Let f(l) = l - 2. Let i be f(6). What is the highest common factor of i and q?
1
Suppose 0 = 3*m - 6 - 6. Let n be 4/(-14) - (-142)/7. Calculate the greatest common factor of n and m.
4
Suppose -4*c + 19 = -461. Calculate the highest common factor of c and 15.
15
Let c be 23/5 + 21/(-35). Calculate the greatest common factor of 44 and c.
4
Suppose d - 2*d - 56 = 4*o, 5*d - 32 = 4*o. Let k = o + 53. Calculate the greatest common factor of 5 and k.
5
Suppose i - 2*n - 2 = 0, -5*n - 2 = -3*i - n. Let k = 0 - i. Let r be -1 + (-2)/(k/(-49)). What is the highest common factor of 32 and r?
16
Let l(h) = h. Let s(q) = 2*q + 3. Let j(x) = 6*l(x) + s(x). Let y be j(9). Calculate the highest common divisor of y and 15.
15
Let x = 3 + 7. Let r = -9 + x. Calculate the greatest common factor of r and 3.
1
Suppose -4*k + 144 = -k. Let i = -12 + 3. Let x be (4 - -2)/(i/(-12)). What is the greatest common factor of x and k?
8
Let m = 66 - 48. Calculate the greatest common divisor of m and 2.
2
Let p(g) = g**2 - 10*g - 27. Let j be p(13). What is the highest common factor of 12 and j?
12
Suppose -2*g + 137 = 11. Let v(j) = 5*j**2 - j. Let m be v(-2). Suppose 3*i - m = 5. What is the highest common factor of g and i?
9
Let d(f) = 3*f**2 + f - 1. Let r be d(-7). Suppose -2*h + 3*o = -41, -5*h + 3*o - 50 = -r. Calculate the greatest common divisor of h and 16.
16
Let j be (-6)/(-4)*(9 - 1). Let c be 8/3*(j + 0). Let z be 6/(-9)*(1 + -3 + -22). What is the greatest common divisor of z and c?
16
Suppose -5*i - x = 0, -5*i + 2*x = 7*x. Suppose -5*v - 4*o = -38, -v + 4*o - 2 = -i*v. Calculate the greatest common factor of v and 6.
6
Suppose -19 = -5*f - x, 5*f - 31 = -0*f - 4*x. Suppose 0 = f*c - 0*c - 210. Let w = 21 - -7. Calculate the highest common divisor of c and w.
14
Let p = 34 + -13. Let v(y) = -y**2 - 12*y - 6. Let o be v(-10). What is the highest common divisor of p and o?
7
Suppose 0*y - 3*y + 210 = 0. What is the greatest common factor of 28 and y?
14
Let j = -19 + 74. Calculate the highest common factor of j and 22.
11
Let h be 48*(-1 - 20/(-8)). What is the highest common factor of 8 and h?
8
Let l be (-171)/(-33) - 6/33. Let q(y) = 20*y. Let k be q(l). Calculate the greatest common divisor of k and 25.
25
Let k be ((-6)/4)/((-8)/48). What is the greatest common factor of 3 and k?
3
Let v be 15 - (2 + (4 - 3)). Calculate the highest common divisor of v and 6.
6
Let c be (-11)/5 + (-2)/(-10). Let t be c/6 - (-181)/3. What is the greatest common divisor of t and 24?
12
Let a be (-1332)/(-66) - (2 - (-60)/(-33)). Calculate the highest common divisor of 50 and a.
10
Let w = 23 + -11. What is the greatest common factor of w and 12?
12
Let w = 5 - -8. Let g(f) = 21*f + 2. Let r = -3 - -6. Let q be g(r). Calculate the highest common divisor of w and q.
13
Suppose -2*t = -7*t + 75. Suppose -2*q - 45 = -165. What is the greatest common factor of t and q?
15
Let k(o) = -o**2 + 2*o + 117. Let l be k(0). Calculate the highest common divisor of l and 9.
9
Let k be 2*(0 - 2)/(-2). Suppose 5*x = 4*a - 1 - k, 3*x + a = -12. Let n be (8/x)/1*-6. What is the highest common factor of 16 and n?
16
Suppose 5*y + 30 - 5 = 0. Let w be 11/(-1)*1*y. What is the highest common factor of 11 and w?
11
Suppose 3*c + m - 39 = -2*m, 3*c + 4*m = 38. Suppose 222 = 5*z - 548. What is the highest common divisor of c and z?
14
Let v be 368/36 - 4/18. Let f(i) = 5*i**2 - 2*i**2 + 3*i - 2*i**2 + 3 - 11. Let h be f(-7). Calculate the greatest common divisor of h and v.
10
Let z(h) = -7*h + 0*h**2 - h**2 + 0*h**2 + 2. Let g be z(-7). Suppose 7 = -g*c + 77. Calcu